{"id":4471,"date":"2025-09-10T13:00:17","date_gmt":"2025-09-10T11:00:17","guid":{"rendered":"https:\/\/www.idsp.fr\/?page_id=4471"},"modified":"2025-09-11T11:30:10","modified_gmt":"2025-09-11T09:30:10","slug":"lycee","status":"publish","type":"page","link":"https:\/\/www.idsp.fr\/fr\/secondaire\/lycee\/","title":{"rendered":"Lyc\u00e9e"},"content":{"rendered":"\n<style type=\"text\/css\" data-created_by=\"avia_inline_auto\" id=\"style-css-av-k9tzp0ta-6dd7479124f797f4d8afc0b20a8557c6\">\n.avia-section.av-k9tzp0ta-6dd7479124f797f4d8afc0b20a8557c6{\nbackground-color:#024d7d;\nbackground-image:unset;\n}\n<\/style>\n<div id='av_section_1'  class='avia-section av-k9tzp0ta-6dd7479124f797f4d8afc0b20a8557c6 main_color avia-section-small avia-no-border-styling  avia-builder-el-0  el_before_av_textblock  avia-builder-el-first  avia-bg-style-scroll av-minimum-height av-minimum-height-custom av-height-custom  container_wrap sidebar_right'   data-av_minimum_height_px='100'><div class='container av-section-cont-open' style='height:100px'><main  role=\"main\" itemprop=\"mainContentOfPage\"  class='template-page content  av-content-small alpha units'><div class='post-entry post-entry-type-page post-entry-4471'><div class='entry-content-wrapper clearfix'>\n\n<style type=\"text\/css\" data-created_by=\"avia_inline_auto\" id=\"style-css-av-kh3kgvi1-988a5734ebc4a8949ad034b107e8bd86\">\n#top .av-special-heading.av-kh3kgvi1-988a5734ebc4a8949ad034b107e8bd86{\npadding-bottom:10px;\ncolor:#ffffff;\n}\nbody .av-special-heading.av-kh3kgvi1-988a5734ebc4a8949ad034b107e8bd86 .av-special-heading-tag .heading-char{\nfont-size:25px;\n}\n.av-special-heading.av-kh3kgvi1-988a5734ebc4a8949ad034b107e8bd86 .special-heading-inner-border{\nborder-color:#ffffff;\n}\n.av-special-heading.av-kh3kgvi1-988a5734ebc4a8949ad034b107e8bd86 .av-subheading{\nfont-size:15px;\n}\n<\/style>\n<div  class='av-special-heading av-kh3kgvi1-988a5734ebc4a8949ad034b107e8bd86 av-special-heading-h2 custom-color-heading  avia-builder-el-1  avia-builder-el-no-sibling '><h2 class='av-special-heading-tag '  itemprop=\"headline\"  >Lyc\u00e9e<\/h2><div class=\"special-heading-border\"><div class=\"special-heading-inner-border\"><\/div><\/div><\/div>\n<\/div><\/div><\/main><!-- close content main element --><\/div><\/div><div id='after_section_1'  class='main_color av_default_container_wrap container_wrap sidebar_right'  ><div class='container av-section-cont-open' ><div class='template-page content  av-content-small alpha units'><div class='post-entry post-entry-type-page post-entry-4471'><div class='entry-content-wrapper clearfix'>\n<section  class='av_textblock_section av-kc20xugs-6ff3e0338a2509372c6284b879ed1cf5 '   itemscope=\"itemscope\" itemtype=\"https:\/\/schema.org\/CreativeWork\" ><div class='avia_textblock'  itemprop=\"text\" ><blockquote>\n<p>Le lyc\u00e9e comprend en tout trois niveaux, chacun r\u00e9parti en deux semestres. Les classes 11 et 12 font partie de la phase de qualification pour l&rsquo;Abitur.<\/p>\n<\/blockquote>\n<ul>\n<li>Enseignement en groupe de classe et en partie \u00e9galement par syst\u00e8me de cours en fonction des mati\u00e8res choisies<\/li>\n<li>Les <strong>programmes<\/strong> en vigueur sont les programmes r\u00e9gionaux dans les mati\u00e8res suivantes : allemand, math\u00e9matiques, fran\u00e7ais, anglais, chimie, biologie, physique, dans les autres mati\u00e8res les programmes scolaires internes approuv\u00e9s par la Conf\u00e9rence des ministres de l&rsquo;\u00e9ducation et des affaires culturelles sur la base des plans d&rsquo;\u00e9ducation de la Thuringe, de la Bavi\u00e8re ou du Bade-Wurtemberg<\/li>\n<li><strong>Langue d&rsquo;enseignement<\/strong> : allemand, dans la branche AbiBac \u00e9galement fran\u00e7ais (Histoire, G\u00e9ographie)<\/li>\n<li>Cours d&rsquo;anglais et de fran\u00e7ais<\/li>\n<li>Entra\u00eenement aux m\u00e9thodes de travail pour la pr\u00e9paration \u00e0 l&rsquo;Abitur et aux \u00e9tudes<\/li>\n<li><strong>Choix entre deux dipl\u00f4mes<\/strong> reconnus au niveau international qui donnent acc\u00e8s aux \u00e9tudes de toutes les mati\u00e8res dans tous les \u00e9tablissements d&rsquo;enseignement sup\u00e9rieur en Allemagne, dans presque tous les pays europ\u00e9ens, aux \u00c9tats-Unis et dans de nombreux pays du monde.<\/li>\n<li>Le <strong>choix pour la s\u00e9rie Abibac<\/strong> se fait en classe 9.<\/li>\n<li>L&rsquo;allemand est une \u00e9preuve \u00e9crite d&rsquo;examen obligatoire<\/li>\n<\/ul>\n<\/div><\/section>\n\n<style type=\"text\/css\" data-created_by=\"avia_inline_auto\" id=\"style-css-av-k9va6nzt-678a804bd314bdd63f6d963b3b768b81\">\n#top .hr.av-k9va6nzt-678a804bd314bdd63f6d963b3b768b81{\nmargin-top:25px;\nmargin-bottom:30px;\n}\n.hr.av-k9va6nzt-678a804bd314bdd63f6d963b3b768b81 .hr-inner{\nwidth:50px;\nborder-color:#024d7d;\n}\n<\/style>\n<div  class='hr av-k9va6nzt-678a804bd314bdd63f6d963b3b768b81 hr-custom  avia-builder-el-3  el_after_av_textblock  el_before_av_textblock  hr-left hr-icon-no'><span class='hr-inner inner-border-av-border-fat'><span class=\"hr-inner-style\"><\/span><\/span><\/div>\n<section  class='av_textblock_section av-kesskxo3-c8d242e1ae57086326eea151e7f20dc8 '   itemscope=\"itemscope\" itemtype=\"https:\/\/schema.org\/CreativeWork\" ><div class='avia_textblock'  itemprop=\"text\" >\n<style type=\"text\/css\" data-created_by=\"avia_inline_auto\" id=\"style-css-av-221ryf-fc3436059f46653c9eab62958a1e71b7\">\n.av_font_icon.av-221ryf-fc3436059f46653c9eab62958a1e71b7 .av-icon-char{\nfont-size:40px;\nline-height:40px;\n}\n<\/style>\n<span  class='av_font_icon av-221ryf-fc3436059f46653c9eab62958a1e71b7 avia_animate_when_visible av-icon-style- avia-icon-pos-left avia-iconfont avia-font-entypo-fontello av-no-color avia-icon-animate'><span class='av-icon-char' data-av_icon='\ue82d' data-av_iconfont='entypo-fontello' aria-hidden=\"true\" ><\/span><\/span>\n<\/div><\/section>\n\n<style type=\"text\/css\" data-created_by=\"avia_inline_auto\" id=\"style-css-av-mff7iqir-33b364e5008c2ee970ef1fa19c0ab120\">\n#top .hr.hr-invisible.av-mff7iqir-33b364e5008c2ee970ef1fa19c0ab120{\nheight:20px;\n}\n<\/style>\n<div  class='hr av-mff7iqir-33b364e5008c2ee970ef1fa19c0ab120 hr-invisible  avia-builder-el-6  el_after_av_textblock  el_before_av_textblock '><span class='hr-inner '><span class=\"hr-inner-style\"><\/span><\/span><\/div>\n<section  class='av_textblock_section av-kbhvc9pr-5a3bbe8103624114604bfcc5a53f8427 '   itemscope=\"itemscope\" itemtype=\"https:\/\/schema.org\/CreativeWork\" ><div class='avia_textblock'  itemprop=\"text\" ><ul>\n<li><a href=\"https:\/\/www.idsp.fr\/wp-content\/uploads\/2025\/09\/Praesentation_Informationen_Oberstufe_ab_Abi_27_Stand_30.08.2025.pdf\" target=\"_blank\" rel=\"noopener\">Informationen zur Oberstufe (Stand: 09\/2025)<\/a><\/li>\n<li><a href=\"https:\/\/www.idsp.fr\/wp-content\/uploads\/2024\/03\/Abibac_2024.pdf\" target=\"_blank\" rel=\"noopener\">Abitur + baccalaur\u00e9at fran\u00e7ais (AbiBac)<\/a><\/li>\n<li><a href=\"https:\/\/www.idsp.fr\/wp-content\/uploads\/2024\/01\/Methodentage-2023_Einstieg_P5BLL.pdf\" target=\"_blank\" rel=\"noopener\">Methodentraining zu BLL und P5<\/a> (PPT-Pr\u00e4sentation)<\/li>\n<\/ul>\n<\/div><\/section>\n","protected":false},"excerpt":{"rendered":"","protected":false},"author":3,"featured_media":0,"parent":4093,"menu_order":32,"comment_status":"closed","ping_status":"closed","template":"","meta":{"footnotes":""},"class_list":["post-4471","page","type-page","status-publish","hentry"],"yoast_head":"<!-- This site is optimized with the Yoast SEO plugin v27.4 - https:\/\/yoast.com\/product\/yoast-seo-wordpress\/ -->\n<title>Lyc\u00e9e - iDSP - La Schule - Internationale Deutsche Schule Paris<\/title>\n<meta name=\"robots\" content=\"index, follow, max-snippet:-1, max-image-preview:large, max-video-preview:-1\" \/>\n<link rel=\"canonical\" href=\"https:\/\/www.idsp.fr\/fr\/secondaire\/lycee\/\" \/>\n<meta property=\"og:locale\" content=\"fr_FR\" \/>\n<meta property=\"og:type\" content=\"article\" \/>\n<meta property=\"og:title\" content=\"Lyc\u00e9e - iDSP - La Schule - Internationale Deutsche Schule Paris\" \/>\n<meta property=\"og:url\" content=\"https:\/\/www.idsp.fr\/fr\/secondaire\/lycee\/\" \/>\n<meta property=\"og:site_name\" content=\"iDSP - La Schule - Internationale Deutsche Schule Paris\" \/>\n<meta property=\"article:modified_time\" content=\"2025-09-11T09:30:10+00:00\" \/>\n<meta name=\"twitter:card\" content=\"summary_large_image\" \/>\n<meta name=\"twitter:label1\" content=\"Dur\u00e9e de lecture estim\u00e9e\" \/>\n\t<meta name=\"twitter:data1\" content=\"1 minute\" \/>\n<script type=\"application\/ld+json\" class=\"yoast-schema-graph\">{\"@context\":\"https:\\\/\\\/schema.org\",\"@graph\":[{\"@type\":\"WebPage\",\"@id\":\"https:\\\/\\\/www.idsp.fr\\\/fr\\\/secondaire\\\/lycee\\\/\",\"url\":\"https:\\\/\\\/www.idsp.fr\\\/fr\\\/secondaire\\\/lycee\\\/\",\"name\":\"Lyc\u00e9e - iDSP - La Schule - Internationale Deutsche Schule Paris\",\"isPartOf\":{\"@id\":\"https:\\\/\\\/www.idsp.fr\\\/#website\"},\"datePublished\":\"2025-09-10T11:00:17+00:00\",\"dateModified\":\"2025-09-11T09:30:10+00:00\",\"breadcrumb\":{\"@id\":\"https:\\\/\\\/www.idsp.fr\\\/fr\\\/secondaire\\\/lycee\\\/#breadcrumb\"},\"inLanguage\":\"fr-FR\",\"potentialAction\":[{\"@type\":\"ReadAction\",\"target\":[\"https:\\\/\\\/www.idsp.fr\\\/fr\\\/secondaire\\\/lycee\\\/\"]}]},{\"@type\":\"BreadcrumbList\",\"@id\":\"https:\\\/\\\/www.idsp.fr\\\/fr\\\/secondaire\\\/lycee\\\/#breadcrumb\",\"itemListElement\":[{\"@type\":\"ListItem\",\"position\":1,\"name\":\"Startseite\",\"item\":\"https:\\\/\\\/www.idsp.fr\\\/fr\\\/idsp-ecole-allemande-internationale-de-paris\\\/\"},{\"@type\":\"ListItem\",\"position\":2,\"name\":\"Secondaire\",\"item\":\"https:\\\/\\\/www.idsp.fr\\\/fr\\\/secondaire\\\/\"},{\"@type\":\"ListItem\",\"position\":3,\"name\":\"Lyc\u00e9e\"}]},{\"@type\":\"WebSite\",\"@id\":\"https:\\\/\\\/www.idsp.fr\\\/#website\",\"url\":\"https:\\\/\\\/www.idsp.fr\\\/\",\"name\":\"iDSP - La Schule - Internationale Deutsche Schule Paris\",\"description\":\"\",\"potentialAction\":[{\"@type\":\"SearchAction\",\"target\":{\"@type\":\"EntryPoint\",\"urlTemplate\":\"https:\\\/\\\/www.idsp.fr\\\/?s={search_term_string}\"},\"query-input\":{\"@type\":\"PropertyValueSpecification\",\"valueRequired\":true,\"valueName\":\"search_term_string\"}}],\"inLanguage\":\"fr-FR\"}]}<\/script>\n<!-- \/ Yoast SEO plugin. -->","yoast_head_json":{"title":"Lyc\u00e9e - iDSP - La Schule - Internationale Deutsche Schule Paris","robots":{"index":"index","follow":"follow","max-snippet":"max-snippet:-1","max-image-preview":"max-image-preview:large","max-video-preview":"max-video-preview:-1"},"canonical":"https:\/\/www.idsp.fr\/fr\/secondaire\/lycee\/","og_locale":"fr_FR","og_type":"article","og_title":"Lyc\u00e9e - iDSP - La Schule - Internationale Deutsche Schule Paris","og_url":"https:\/\/www.idsp.fr\/fr\/secondaire\/lycee\/","og_site_name":"iDSP - La Schule - Internationale Deutsche Schule Paris","article_modified_time":"2025-09-11T09:30:10+00:00","twitter_card":"summary_large_image","twitter_misc":{"Dur\u00e9e de lecture estim\u00e9e":"1 minute"},"schema":{"@context":"https:\/\/schema.org","@graph":[{"@type":"WebPage","@id":"https:\/\/www.idsp.fr\/fr\/secondaire\/lycee\/","url":"https:\/\/www.idsp.fr\/fr\/secondaire\/lycee\/","name":"Lyc\u00e9e - iDSP - La Schule - Internationale Deutsche Schule Paris","isPartOf":{"@id":"https:\/\/www.idsp.fr\/#website"},"datePublished":"2025-09-10T11:00:17+00:00","dateModified":"2025-09-11T09:30:10+00:00","breadcrumb":{"@id":"https:\/\/www.idsp.fr\/fr\/secondaire\/lycee\/#breadcrumb"},"inLanguage":"fr-FR","potentialAction":[{"@type":"ReadAction","target":["https:\/\/www.idsp.fr\/fr\/secondaire\/lycee\/"]}]},{"@type":"BreadcrumbList","@id":"https:\/\/www.idsp.fr\/fr\/secondaire\/lycee\/#breadcrumb","itemListElement":[{"@type":"ListItem","position":1,"name":"Startseite","item":"https:\/\/www.idsp.fr\/fr\/idsp-ecole-allemande-internationale-de-paris\/"},{"@type":"ListItem","position":2,"name":"Secondaire","item":"https:\/\/www.idsp.fr\/fr\/secondaire\/"},{"@type":"ListItem","position":3,"name":"Lyc\u00e9e"}]},{"@type":"WebSite","@id":"https:\/\/www.idsp.fr\/#website","url":"https:\/\/www.idsp.fr\/","name":"iDSP - La Schule - Internationale Deutsche Schule Paris","description":"","potentialAction":[{"@type":"SearchAction","target":{"@type":"EntryPoint","urlTemplate":"https:\/\/www.idsp.fr\/?s={search_term_string}"},"query-input":{"@type":"PropertyValueSpecification","valueRequired":true,"valueName":"search_term_string"}}],"inLanguage":"fr-FR"}]}},"_links":{"self":[{"href":"https:\/\/www.idsp.fr\/fr\/wp-json\/wp\/v2\/pages\/4471","targetHints":{"allow":["GET"]}}],"collection":[{"href":"https:\/\/www.idsp.fr\/fr\/wp-json\/wp\/v2\/pages"}],"about":[{"href":"https:\/\/www.idsp.fr\/fr\/wp-json\/wp\/v2\/types\/page"}],"author":[{"embeddable":true,"href":"https:\/\/www.idsp.fr\/fr\/wp-json\/wp\/v2\/users\/3"}],"replies":[{"embeddable":true,"href":"https:\/\/www.idsp.fr\/fr\/wp-json\/wp\/v2\/comments?post=4471"}],"version-history":[{"count":9,"href":"https:\/\/www.idsp.fr\/fr\/wp-json\/wp\/v2\/pages\/4471\/revisions"}],"predecessor-version":[{"id":32192,"href":"https:\/\/www.idsp.fr\/fr\/wp-json\/wp\/v2\/pages\/4471\/revisions\/32192"}],"up":[{"embeddable":true,"href":"https:\/\/www.idsp.fr\/fr\/wp-json\/wp\/v2\/pages\/4093"}],"wp:attachment":[{"href":"https:\/\/www.idsp.fr\/fr\/wp-json\/wp\/v2\/media?parent=4471"}],"curies":[{"name":"wp","href":"https:\/\/api.w.org\/{rel}","templated":true}]}}

Lycée

<style type="text/css" data-created_by="avia_inline_auto" id="style-css-av-k9tzp0ta-6dd7479124f797f4d8afc0b20a8557c6">
.avia-section.av-k9tzp0ta-6dd7479124f797f4d8afc0b20a8557c6{
background-color:#024d7d;
background-image:unset;
}
</style>
<div id='av_section_1'  class='avia-section av-k9tzp0ta-6dd7479124f797f4d8afc0b20a8557c6 main_color avia-section-small avia-no-border-styling  avia-builder-el-0  el_before_av_textblock  avia-builder-el-first  avia-bg-style-scroll av-minimum-height av-minimum-height-custom av-height-custom  container_wrap sidebar_right'   data-av_minimum_height_px='100'><div class='container av-section-cont-open' style='height:100px'><main  role="main" itemprop="mainContentOfPage"  class='template-page content  av-content-small alpha units'><div class='post-entry post-entry-type-page post-entry-4471'><div class='entry-content-wrapper clearfix'>

<style type="text/css" data-created_by="avia_inline_auto" id="style-css-av-kh3kgvi1-988a5734ebc4a8949ad034b107e8bd86">
#top .av-special-heading.av-kh3kgvi1-988a5734ebc4a8949ad034b107e8bd86{
padding-bottom:10px;
color:#ffffff;
}
body .av-special-heading.av-kh3kgvi1-988a5734ebc4a8949ad034b107e8bd86 .av-special-heading-tag .heading-char{
font-size:25px;
}
.av-special-heading.av-kh3kgvi1-988a5734ebc4a8949ad034b107e8bd86 .special-heading-inner-border{
border-color:#ffffff;
}
.av-special-heading.av-kh3kgvi1-988a5734ebc4a8949ad034b107e8bd86 .av-subheading{
font-size:15px;
}
</style>
<div  class='av-special-heading av-kh3kgvi1-988a5734ebc4a8949ad034b107e8bd86 av-special-heading-h2 custom-color-heading  avia-builder-el-1  avia-builder-el-no-sibling '><h2 class='av-special-heading-tag '  itemprop="headline"  >Lycée</h2><div class="special-heading-border"><div class="special-heading-inner-border"></div></div></div>
</div></div></main><!-- close content main element --></div></div><div id='after_section_1'  class='main_color av_default_container_wrap container_wrap sidebar_right'  ><div class='container av-section-cont-open' ><div class='template-page content  av-content-small alpha units'><div class='post-entry post-entry-type-page post-entry-4471'><div class='entry-content-wrapper clearfix'>
<section  class='av_textblock_section av-kc20xugs-6ff3e0338a2509372c6284b879ed1cf5 '   itemscope="itemscope" itemtype="https://schema.org/CreativeWork" ><div class='avia_textblock'  itemprop="text" ><blockquote>
<p>Le lycée comprend en tout trois niveaux, chacun réparti en deux semestres. Les classes 11 et 12 font partie de la phase de qualification pour l&rsquo;Abitur.</p>
</blockquote>
<ul>
<li>Enseignement en groupe de classe et en partie également par système de cours en fonction des matières choisies</li>
<li>Les <strong>programmes</strong> en vigueur sont les programmes régionaux dans les matières suivantes : allemand, mathématiques, français, anglais, chimie, biologie, physique, dans les autres matières les programmes scolaires internes approuvés par la Conférence des ministres de l&rsquo;éducation et des affaires culturelles sur la base des plans d&rsquo;éducation de la Thuringe, de la Bavière ou du Bade-Wurtemberg</li>
<li><strong>Langue d&rsquo;enseignement</strong> : allemand, dans la branche AbiBac également français (Histoire, Géographie)</li>
<li>Cours d&rsquo;anglais et de français</li>
<li>Entraînement aux méthodes de travail pour la préparation à l&rsquo;Abitur et aux études</li>
<li><strong>Choix entre deux diplômes</strong> reconnus au niveau international qui donnent accès aux études de toutes les matières dans tous les établissements d&rsquo;enseignement supérieur en Allemagne, dans presque tous les pays européens, aux États-Unis et dans de nombreux pays du monde.</li>
<li>Le <strong>choix pour la série Abibac</strong> se fait en classe 9.</li>
<li>L&rsquo;allemand est une épreuve écrite d&rsquo;examen obligatoire</li>
</ul>
</div></section>

<style type="text/css" data-created_by="avia_inline_auto" id="style-css-av-k9va6nzt-678a804bd314bdd63f6d963b3b768b81">
#top .hr.av-k9va6nzt-678a804bd314bdd63f6d963b3b768b81{
margin-top:25px;
margin-bottom:30px;
}
.hr.av-k9va6nzt-678a804bd314bdd63f6d963b3b768b81 .hr-inner{
width:50px;
border-color:#024d7d;
}
</style>
<div  class='hr av-k9va6nzt-678a804bd314bdd63f6d963b3b768b81 hr-custom  avia-builder-el-3  el_after_av_textblock  el_before_av_textblock  hr-left hr-icon-no'><span class='hr-inner inner-border-av-border-fat'><span class="hr-inner-style"></span></span></div>
<section  class='av_textblock_section av-kesskxo3-c8d242e1ae57086326eea151e7f20dc8 '   itemscope="itemscope" itemtype="https://schema.org/CreativeWork" ><div class='avia_textblock'  itemprop="text" >
<style type="text/css" data-created_by="avia_inline_auto" id="style-css-av-221ryf-fc3436059f46653c9eab62958a1e71b7">
.av_font_icon.av-221ryf-fc3436059f46653c9eab62958a1e71b7 .av-icon-char{
font-size:40px;
line-height:40px;
}
</style>
<span  class='av_font_icon av-221ryf-fc3436059f46653c9eab62958a1e71b7 avia_animate_when_visible av-icon-style- avia-icon-pos-left avia-iconfont avia-font-entypo-fontello av-no-color avia-icon-animate'><span class='av-icon-char' data-av_icon='' data-av_iconfont='entypo-fontello' aria-hidden="true" ></span></span>
</div></section>

<style type="text/css" data-created_by="avia_inline_auto" id="style-css-av-mff7iqir-33b364e5008c2ee970ef1fa19c0ab120">
#top .hr.hr-invisible.av-mff7iqir-33b364e5008c2ee970ef1fa19c0ab120{
height:20px;
}
</style>
<div  class='hr av-mff7iqir-33b364e5008c2ee970ef1fa19c0ab120 hr-invisible  avia-builder-el-6  el_after_av_textblock  el_before_av_textblock '><span class='hr-inner '><span class="hr-inner-style"></span></span></div>
<section  class='av_textblock_section av-kbhvc9pr-5a3bbe8103624114604bfcc5a53f8427 '   itemscope="itemscope" itemtype="https://schema.org/CreativeWork" ><div class='avia_textblock'  itemprop="text" ><ul>
<li><a href="https://www.idsp.fr/wp-content/uploads/2025/09/Praesentation_Informationen_Oberstufe_ab_Abi_27_Stand_30.08.2025.pdf" target="_blank" rel="noopener">Informationen zur Oberstufe (Stand: 09/2025)</a></li>
<li><a href="https://www.idsp.fr/wp-content/uploads/2024/03/Abibac_2024.pdf" target="_blank" rel="noopener">Abitur + baccalauréat français (AbiBac)</a></li>
<li><a href="https://www.idsp.fr/wp-content/uploads/2024/01/Methodentage-2023_Einstieg_P5BLL.pdf" target="_blank" rel="noopener">Methodentraining zu BLL und P5</a> (PPT-Präsentation)</li>
</ul>
</div></section>

<!-- This site is optimized with the Yoast SEO plugin v27.4 - https://yoast.com/product/yoast-seo-wordpress/ -->
<title>Lycée - iDSP - La Schule - Internationale Deutsche Schule Paris</title>
<meta name="robots" content="index, follow, max-snippet:-1, max-image-preview:large, max-video-preview:-1" />
<link rel="canonical" href="https://www.idsp.fr/fr/secondaire/lycee/" />
<meta property="og:locale" content="fr_FR" />
<meta property="og:type" content="article" />
<meta property="og:title" content="Lycée - iDSP - La Schule - Internationale Deutsche Schule Paris" />
<meta property="og:url" content="https://www.idsp.fr/fr/secondaire/lycee/" />
<meta property="og:site_name" content="iDSP - La Schule - Internationale Deutsche Schule Paris" />
<meta property="article:modified_time" content="2025-09-11T09:30:10+00:00" />
<meta name="twitter:card" content="summary_large_image" />
<meta name="twitter:label1" content="Durée de lecture estimée" />
	<meta name="twitter:data1" content="1 minute" />
<script type="application/ld+json" class="yoast-schema-graph">{"@context":"https:\/\/schema.org","@graph":[{"@type":"WebPage","@id":"https:\/\/www.idsp.fr\/fr\/secondaire\/lycee\/","url":"https:\/\/www.idsp.fr\/fr\/secondaire\/lycee\/","name":"Lycée - iDSP - La Schule - Internationale Deutsche Schule Paris","isPartOf":{"@id":"https:\/\/www.idsp.fr\/#website"},"datePublished":"2025-09-10T11:00:17+00:00","dateModified":"2025-09-11T09:30:10+00:00","breadcrumb":{"@id":"https:\/\/www.idsp.fr\/fr\/secondaire\/lycee\/#breadcrumb"},"inLanguage":"fr-FR","potentialAction":[{"@type":"ReadAction","target":["https:\/\/www.idsp.fr\/fr\/secondaire\/lycee\/"]}]},{"@type":"BreadcrumbList","@id":"https:\/\/www.idsp.fr\/fr\/secondaire\/lycee\/#breadcrumb","itemListElement":[{"@type":"ListItem","position":1,"name":"Startseite","item":"https:\/\/www.idsp.fr\/fr\/idsp-ecole-allemande-internationale-de-paris\/"},{"@type":"ListItem","position":2,"name":"Secondaire","item":"https:\/\/www.idsp.fr\/fr\/secondaire\/"},{"@type":"ListItem","position":3,"name":"Lycée"}]},{"@type":"WebSite","@id":"https:\/\/www.idsp.fr\/#website","url":"https:\/\/www.idsp.fr\/","name":"iDSP - La Schule - Internationale Deutsche Schule Paris","description":"","potentialAction":[{"@type":"SearchAction","target":{"@type":"EntryPoint","urlTemplate":"https:\/\/www.idsp.fr\/?s={search_term_string}"},"query-input":{"@type":"PropertyValueSpecification","valueRequired":true,"valueName":"search_term_string"}}],"inLanguage":"fr-FR"}]}</script>
<!-- / Yoast SEO plugin. -->

Lycée - iDSP - La Schule - Internationale Deutsche Schule Paris
